[INFO] cloning repository https://github.com/clearloop/licer
[INFO] running `Command { std: "git" "-c" "credential.helper=" "-c" "credential.helper=/workspace/cargo-home/bin/git-credential-null" "clone" "--bare" "https://github.com/clearloop/licer" "/workspace/cache/git-repos/https%3A%2F%2Fgithub.com%2Fclearloop%2Flicer", kill_on_drop: false }`
[INFO] [stderr] Cloning into bare repository '/workspace/cache/git-repos/https%3A%2F%2Fgithub.com%2Fclearloop%2Flicer'...
[INFO] running `Command { std: "git" "rev-parse" "HEAD", kill_on_drop: false }`
[INFO] [stdout] c788b87390d323e724e236d8eac97823d0f3c27f
[INFO] building clearloop/licer against master#ff34b919075f35a1787659e9c448a34b06bab8de for issue-85264
[INFO] running `Command { std: "git" "clone" "/workspace/cache/git-repos/https%3A%2F%2Fgithub.com%2Fclearloop%2Flicer" "/workspace/builds/worker-6/source", kill_on_drop: false }`
[INFO] [stderr] Cloning into '/workspace/builds/worker-6/source'...
[INFO] [stderr] done.
[INFO] validating manifest of git repo https://github.com/clearloop/licer on toolchain ff34b919075f35a1787659e9c448a34b06bab8de
[INFO] running `Command { std: "/workspace/cargo-home/bin/cargo" "+ff34b919075f35a1787659e9c448a34b06bab8de" "metadata" "--manifest-path" "Cargo.toml" "--no-deps", kill_on_drop: false }`
[INFO] started tweaking git repo https://github.com/clearloop/licer
[INFO] finished tweaking git repo https://github.com/clearloop/licer
[INFO] tweaked toml for git repo https://github.com/clearloop/licer written to /workspace/builds/worker-6/source/Cargo.toml
[INFO] crate git repo https://github.com/clearloop/licer already has a lockfile, it will not be regenerated
[INFO] running `Command { std: "/workspace/cargo-home/bin/cargo" "+ff34b919075f35a1787659e9c448a34b06bab8de" "fetch" "--manifest-path" "Cargo.toml", kill_on_drop: false }`
[INFO] [stderr]     Blocking waiting for file lock on package cache
[INFO] running `Command { std: "docker" "create" "-v" "/var/lib/crater-agent-workspace/builds/worker-6/target:/opt/rustwide/target:rw,Z" "-v" "/var/lib/crater-agent-workspace/builds/worker-6/source:/opt/rustwide/workdir:ro,Z" "-v" "/var/lib/crater-agent-workspace/cargo-home:/opt/rustwide/cargo-home:ro,Z" "-v" "/var/lib/crater-agent-workspace/rustup-home:/opt/rustwide/rustup-home:ro,Z" "-e" "SOURCE_DIR=/opt/rustwide/workdir" "-e" "CARGO_TARGET_DIR=/opt/rustwide/target" "-e" "CARGO_HOME=/opt/rustwide/cargo-home" "-e" "RUSTUP_HOME=/opt/rustwide/rustup-home" "-w" "/opt/rustwide/workdir" "-m" "1610612736" "--user" "0:0" "--network" "none" "ghcr.io/rust-lang/crates-build-env/linux@sha256:20528e8c29e4536546f0102ce88568b16ea7538393a33fcca951030f7af10457" "/opt/rustwide/cargo-home/bin/cargo" "+ff34b919075f35a1787659e9c448a34b06bab8de" "metadata" "--no-deps" "--format-version=1", kill_on_drop: false }`
[INFO] [stdout] 16f9d08ea657b771e670a85109377a8deabc1ff61c3dd82647877d90a9d7e352
[INFO] [stderr] WARNING: Your kernel does not support swap limit capabilities or the cgroup is not mounted. Memory limited without swap.
[INFO] running `Command { std: "docker" "start" "-a" "16f9d08ea657b771e670a85109377a8deabc1ff61c3dd82647877d90a9d7e352", kill_on_drop: false }`
[INFO] running `Command { std: "docker" "inspect" "16f9d08ea657b771e670a85109377a8deabc1ff61c3dd82647877d90a9d7e352", kill_on_drop: false }`
[INFO] running `Command { std: "docker" "rm" "-f" "16f9d08ea657b771e670a85109377a8deabc1ff61c3dd82647877d90a9d7e352", kill_on_drop: false }`
[INFO] [stdout] 16f9d08ea657b771e670a85109377a8deabc1ff61c3dd82647877d90a9d7e352
[INFO] running `Command { std: "docker" "create" "-v" "/var/lib/crater-agent-workspace/builds/worker-6/target:/opt/rustwide/target:rw,Z" "-v" "/var/lib/crater-agent-workspace/builds/worker-6/source:/opt/rustwide/workdir:ro,Z" "-v" "/var/lib/crater-agent-workspace/cargo-home:/opt/rustwide/cargo-home:ro,Z" "-v" "/var/lib/crater-agent-workspace/rustup-home:/opt/rustwide/rustup-home:ro,Z" "-e" "SOURCE_DIR=/opt/rustwide/workdir" "-e" "CARGO_TARGET_DIR=/opt/rustwide/target" "-e" "CARGO_INCREMENTAL=0" "-e" "RUST_BACKTRACE=full" "-e" "RUSTFLAGS=--cap-lints=forbid" "-e" "CARGO_HOME=/opt/rustwide/cargo-home" "-e" "RUSTUP_HOME=/opt/rustwide/rustup-home" "-w" "/opt/rustwide/workdir" "-m" "1610612736" "--user" "0:0" "--network" "none" "ghcr.io/rust-lang/crates-build-env/linux@sha256:20528e8c29e4536546f0102ce88568b16ea7538393a33fcca951030f7af10457" "/opt/rustwide/cargo-home/bin/cargo" "+ff34b919075f35a1787659e9c448a34b06bab8de" "build" "--frozen" "--message-format=json", kill_on_drop: false }`
[INFO] [stdout] 2b4cdb879c43b8ae1aa789724769ade5957a99cabd4605afecb4dee6c0d872fd
[INFO] [stderr] WARNING: Your kernel does not support swap limit capabilities or the cgroup is not mounted. Memory limited without swap.
[INFO] running `Command { std: "docker" "start" "-a" "2b4cdb879c43b8ae1aa789724769ade5957a99cabd4605afecb4dee6c0d872fd", kill_on_drop: false }`
[INFO] [stderr]    Compiling license-rs v0.1.0 (/opt/rustwide/workdir)
[INFO] [stdout] error[E0432]: unresolved import `license`
[INFO] [stdout]  --> src/bin/licer.rs:1:5
[INFO] [stdout]   |
[INFO] [stdout] 1 | use license::{
[INFO] [stdout]   |     ^^^^^^^ use of undeclared crate or module `license`
[INFO] [stdout] 
[INFO] [stdout] 
[INFO] [stdout] error[E0433]: failed to resolve: use of undeclared crate or module `afl`
[INFO] [stdout]   --> src/bin/licer.rs:37:28
[INFO] [stdout]    |
[INFO] [stdout] 37 |             "afl-3.0" => w(afl::AFL_V3),
[INFO] [stdout]    |                            ^^^ use of undeclared crate or module `afl`
[INFO] [stdout] 
[INFO] [stdout] 
[INFO] [stdout] error[E0433]: failed to resolve: use of undeclared crate or module `afl`
[INFO] [stdout]   --> src/bin/licer.rs:69:45
[INFO] [stdout]    |
[INFO] [stdout] 69 |                 "afl-3.0" => println!("{}", afl::AFL_V3),
[INFO] [stdout]    |                                             ^^^ use of undeclared crate or module `afl`
[INFO] [stdout] 
[INFO] [stdout] 
[INFO] [stdout] error: aborting due to 3 previous errors
[INFO] [stdout] 
[INFO] [stdout] 
[INFO] [stdout] Some errors have detailed explanations: E0432, E0433.
[INFO] [stdout] 
[INFO] [stdout] For more information about an error, try `rustc --explain E0432`.
[INFO] [stdout] 
[INFO] [stderr] error: could not compile `license-rs`
[INFO] [stderr] 
[INFO] [stderr] To learn more, run the command again with --verbose.
[INFO] running `Command { std: "docker" "inspect" "2b4cdb879c43b8ae1aa789724769ade5957a99cabd4605afecb4dee6c0d872fd", kill_on_drop: false }`
[INFO] running `Command { std: "docker" "rm" "-f" "2b4cdb879c43b8ae1aa789724769ade5957a99cabd4605afecb4dee6c0d872fd", kill_on_drop: false }`
[INFO] [stdout] 2b4cdb879c43b8ae1aa789724769ade5957a99cabd4605afecb4dee6c0d872fd
